150. Let l(b) = a(b) - p(b). What is l(-15)?
2
Let g(i) = 17*i + 21*i - 16*i + 10. Let q(u) = 7*u + 3. Let y = 147 - 131. Let n(d) = y*q(d) - 5*g(d). What is n(6)?
10
Let r(q) = -66*q**3 + q**2 - q. Suppose 5*p - 2*b - 19 = 0, 5*b = 153*p - 149*p - 39. Give r(p).
-66
Suppose 6*b = -b + 91. Let w(k) = -2*k**2 + k**2 + b + 2*k**2 - 7 - 2*k**2. Determine w(-6).
-30
Let q(z) = 6*z**2 - z. Let u be ((-1)/(-5) - 259/35)*-5. Let o(a) = u*a**2 + a + a**3 - 43*a**2 + 4*a + 5. Let b be o(6). Determine q(b).
7
Suppose -17005*u = -16974*u - 62. Let q(p) = -9*p. Let b(n) = -5*n. Let c(f) = 7*b(f) - 4*q(f). Calculate c(u).
2
Let k(o) be the first derivative of o**3/3 - 13*o**2/2 + 31*o - 3795. Determine k(9).
-5
Let c be 7/3 + 3 - (-28)/(-21). Let n(g) = -5*g**3 + 3*g**2 + 4*g - 1. Let q(t) = -14*t**3 + 9*t**2 + 12*t - 3. Let u(i) = 11*n(i) - 4*q(i). Give u(c).
1
Let s(x) be the first derivative of 4*x**2 - 37*x - 1004. Give s(6).
11
Let r(q) = -q**3 + 17*q**2 - 66*q - 21. Suppose -23*i - 5*c = -25*i + 35, 3*i = -c + 27. What is r(i)?
19
Suppose -4*n = m - 18 - 0, m - 3*n + 10 = 0. Suppose -m*r - 4*g = -14, -7 = -3*g - 4. Let b(x) = -11*x + 0 - r*x + 1 + 11*x. Give b(-1).
6
Let x be 2/(16/40 - (-24)/(-35)). Let j(h) = 4*h**3 - 2*h**2 + 2*h - 1. Let t be j(1). Let g(u) = 0*u**3 + u**t + 7*u**2 - 5 + 3*u - 2*u. What is g(x)?
-12
Suppose 36*k = 33*k + 9. Let v(z) = z**2 - 5 - 4*z**3 - 3*z - 1 + 9 + z**k. Give v(2).
-23
Let s(i) = 2*i + 1 - 3*i**3 - 5363*i**2 + 5363*i**2. Determine s(-1).
2
Let u(m) = -8*m + 11. Suppose -30*h + 38 = -4*k - 25*h, 2*k - 20 = -4*h. What is u(k)?
27
Suppose 34*i - 1120 = 41*i. Let j = i + 155. Let o(l) = l**2 + 4*l - 2. What is o(j)?
3
Let o(j) = j - 28. Let f = -1092 + 1118. Determine o(f).
-2
Let x = 180 + -117. Let d(a) = -9 - 70*a + 135*a - x*a. Determine d(7).
5
Suppose 3*o + 5*p - 18 = 0, -95 + 83 = -2*o + 4*p. Let g(u) = 3*u - 16. Determine g(o).
2
Let h(g) = g**3 - 17*g**2 + 14*g + 35. Let l be -17 - 5/((-35)/231). Calculate h(l).
3
Let v(n) = 4*n**2 + n + 5. Let p(m) = -m + 9. Let a be p(6). Let o(h) = 5*h**2 + 2*h + 6. Suppose -19*d - 99 = -23. Let s(y) = a*o(y) + d*v(y). Give s(3).
-5
Let u(f) = -8*f - 1. Let c(k) = -k + 1. Let h be c(-5). Let v(d) = 16*d + 2. Let b(a) = h*v(a) + 11*u(a). Calculate b(-1).
-7
Let d(n) = n**2 - 7*n + 1. Let s(k) = -k + 7. Suppose -236*a = -235*a - 3. Let g be s(a). Determine d(g).
-11
Let j = 14 + -7. Suppose -j*d = -14*d + 21. Let c(o) = 3*o**d - o**3 - 4*o**2 - 1 + o**2 - 3*o**3 + 3*o. Calculate c(-4).
3
Let c(m) be the second derivative of -7*m**5/120 + m**4/6 + 56*m**3/3 - 38*m + 1. Let d(a) be the second derivative of c(a). Give d(-4).
32
Let p be -2 + (1 + -3 - -20). Suppose 2*z = -2*f + 4*z - 4, -5*z = f - p. Let o(j) = 243 - 70 - 77 - 97 - 8*j. Determine o(f).
-9
Let b(k) = k**2 - 6*k - 6. Let m be 534/78 + (-2)/(-13). Calculate b(m).
1
Let y(x) be the second derivative of x**5/10 + x**2/2 + 79*x. Let i(u) = 7*u**3 + 7*u**2 - 6*u + 2. Let f(j) = -i(j) + 4*y(j). Calculate f(6).
2
Suppose -4*f = 14 - 2. Let b(y) be the third derivative of 0*y**4 + 1/3*y**3 - 2*y - 21*y**2 + 1/30*y**5 + 0 + 1/120*y**6. What is b(f)?
-7
Let m(f) = 6241 - 3165 + 18*f + f**3 + 15*f**2 - 3058. What is m(-13)?
122
Let q(w) be the second derivative of w**5/20 - w**3/6 - 3*w**2/2 - 666*w. What is q(-2)?
-9
Let j(v) = -v**3 - 5*v**2 + 4*v + 25. Let l be j(-5). Suppose -25 = -0*p - l*p. Let w(k) = 6 + k**2 - 2 - 9*k + 1. Calculate w(p).
-15
Let o(v) = v**3 - 13*v**2 + 13*v - 3. Let s = 8965 + -8953. Calculate o(s).
9
Let n(t) be the second derivative of t**4/6 - 13*t**3/6 - 12*t**2 - 8*t - 10. Give n(11).
75
Suppose 0 = -w - 3*i + 1 + 3, 0 = i. Let z(s) = 48 + 46 - 6*s + 50 - 196 + 48. Determine z(w).
-28
Let s = -31 - -43. Let u be 6/((-54)/s + 3). Let j(m) = -m**3 - 5*m**2 - 5*m - 3. Give j(u).
1
Let h(i) = -10*i**2 + 508*i + 179. Let v(x) = -7*x**2 + 381*x + 134. Let w(q) = 8*h(q) - 11*v(q). Calculate w(-42).
0
Suppose 2*v - 7 = -21. Let k(d) be the third derivative of d**4/24 + 8*d**3/3 + d**2 - 202. What is k(v)?
9
Let r be 81/36*(65/15 - 3). Let t(i) = i**2 - 4*i + 11. What is t(r)?
8
Let m(p) = p + 8. Suppose 3*d - 415 = -2*d. Let h = -81 + d. Suppose 0 = -10*l + h - 2. What is m(l)?
8
Let h(l) = -270*l + 9 - 295*l - 274*l + 891*l + 13*l**2. Let y be h(-4). Let p(z) = -2*z + 2. Give p(y).
-16
Let c(q) = 89*q + 31. Let p(f) = 106*f + 33. Let w(m) = -6*c(m) + 5*p(m). Calculate w(-10).
19
Let b(t) = 5*t**2 + 1. Suppose 21*x = 25*x - 924. Let o = x + -232. What is b(o)?
6
Let w(b) = -b**2 - 8*b - 9 + 54 + 15 - 2*b - 4. Calculate w(4).
0
Let u(q) = -q**2 - q - 1. Let f(b) = -2*b**2 + 5*b - 7. Let i(z) = f(z) - 3*u(z). Let a be (-2)/(-24)*549*16/6. Suppose -38*j = a + 106. What is i(j)?
-16
Let m(x) be the third derivative of 0*x + 0 - 11*x**2 - 1/60*x**5 - 7/24*x**4 + 1/2*x**3. Let q be m(-8). Let o(u) = -u - 3. What is o(q)?
2
Let f(c) = 3*c - 16. Let k(u) = -112*u + 36*u - 103 + 29*u + 29*u. Let s be k(-6). Determine f(s).
-1
Let g(a) = -7*a - 3 - 38*a + 47*a - 3. Let n(c) = 2*c - 7. Let v(j) = -3*g(j) + 2*n(j). Let h be -7*((-12)/14 - 0). Calculate v(h).
-8
Let a(f) = -7*f - 1. Let j = 722 + -811. Let y = j + 90. Determine a(y).
-8
Let g(q) be the first derivative of q**3/3 + 7*q**2 + 29*q - 11898. Give g(-7).
-20
Let x(p) = 14*p + 3. Let n(d) = -59*d + 82. Let y(w) = n(w) + 4*x(w). What is y(30)?
4
Let l(p) be the third derivative of -p**4/24 - 5*p**3/6 - 18*p**2. Let k be (-6 + 6)/(2/1 - 1). Suppose k = -3*j + 5*j + 10. What is l(j)?
0
Let h be (-20)/3*(-3)/(-2). Let v(s) = -12*s - 8710. Let b(u) = -u - 870. Let q(l) = -10*b(l) + v(l). What is q(h)?
10
Let i(r) = -r**2 + 3 - 4 + 10*r + 32. Let h be (-80 + 78 - -1*3)*13. Let g be i(h). Let b(o) = o**3 + 7*o**2 - 8*o + 8. Give b(g).
8
Let x(m) = -2*m + 8. Let i(t) = t**3 - 26*t**2 + 82*t - 4. Let r(n) = 2*n**3 - 53*n**2 + 165*n - 8. Let q(o) = -5*i(o) + 2*r(o). Let b be q(20). Give x(b).
0
Let s(t) be the first derivative of 1 + t + 7/2*t**2. Suppose -j = p - 2, 2*p + 3 = 9. What is s(j)?
-6
Let q(u) = 3437 - 3*u**2 - 3*u**2 + 3*u**2 + 2*u**2 - 3430 - 4*u. Give q(5).
-38
Let b(v) = -43*v**2 + 1. Suppose 34*k = -268 + 302. Give b(k).
-42
Let z be -50*(8 + 60/(-8)). Let r(a) = -3*a**2 - 77*a - 55. Let v be r(z). Let n(m) = -2*m - 1. Give n(v).
9
Suppose 3*f + 0 - 6 = 0. Let g(j) be the third derivative of -j**5/20 + j**4/24 - j**3/3 + 17740*j**2. Determine g(f).
-12
Let g(u) = 8*u**3 + 21*u**2 - 15*u + 12. Let f(k) = k**3 + k**2 - 2*k - 3. Let l(z) = 6*f(z) - g(z). Determine l(-8).
10
Let i = 735 - 729. Let x(o) = o**3 - 5*o**2 - 5*o - 2. Give x(i).
4
Let b(y) = -1 - 72296*y**2 + 36146*y**2 - 14*y + 36149*y**2. What is b(-13)?
12
Let x(n) = -2*n**2 - 12051*n + n**2 - 14 + 7 + 12062*n - 15. Give x(8).
2
Let z(w) be the second derivative of -w**3/6 - 7*w**2/2 + 1264*w. Let u(n) be the first derivative of -n**2 - n + 2. Let j be u(-3). Give z(j).
-12
Suppose s + 5*g = 40365, s - 27*g - 40365 = -28*g. Let o(h) = s*h - 40365*h - 36 - h**2. Give o(0).
-36
Let o(p) = -213*p - 14 - 1 + p**2 + 66*p + 73*p + 70*p. Give o(7).
6
Let j be ((-20)/(-15))/(-1 + 7/9). Let z(n) = -n. Let r(f) = f**2 - 8. Let l(d) = -r(d) + 3*z(d). Determine l(j).
-10
Let b(z) = -3198*z - 3200*z + 9631*z - 3201*z + z**3 + 14 - 12*z**2. Calculate b(7).
-7
Let c(t) = -t + 23. Let p = 27547 - 27569. Calculate c(p).
45
Let l(q) = q**2 - 4*q + 1. Let k be -8*3/9*30/(-4). Suppose -n - 9 + 8 = 0, -k = -5*b + 5*n. Give l(b).
-2
Let t(b) = -b + 17. Let f(s) = 25*s + 132. Let a(y) = -2*f(y) + 6*t(y). Calculate a(-3).
6
Suppose -2*w + 22 = 19*x - 14*x, -4 = -w + x. Let h(s) = -w*s + 70 - 2*s**2 + s - 68. Give h(-4).
-10
Let n(g) be the third derivative of g**5/60 - 3*g**4/8 - 7*g**3/6 - 3*g**2. Let m be (-833)/(-98) + (-3)/(-6). Calculate n(m).
-7
Let v(b) be the first derivative of 19*b**2/2 - 152*b - 9091. Give v(8).
0
Let g(j) = -23*j + 54. Let f(q) = 8*q - 18. Let v(w) = -8*f(w) - 3*g(w). Give v(4).
2
Let v(b) be the third derivative of b**5/30 - b**4/6 + b**3/2 - 8*b**2. Let g be -4 + 15 - 7/(-7). Suppose 3*y + g = 0, -4*c = 5*y + 10 + 2. What is v(c)?
3
Let r(a) be the third derivative of a**8/480 + a**7/1260 - a**5/120 - a**4/8 - a**3/6 + 54*a**2 + a. Let v(k) be the second derivative of r(k